- 16. Calculate y(9).
209
Let o(y) = y**3 + 3*y**2 + 8*y + 13. Calculate o(-2).
1
Let s(g) = -14*g**3 + 4*g**2 + 30*g + 50. What is s(-2)?
118
Let d(k) = 532*k - 2233. Determine d(4).
-105
Let d(z) = 23*z**2 - 66*z + 1. Determine d(3).
10
Let s(p) = -6*p**2 + 6*p + 34. What is s(6)?
-146
Let d(s) = -19*s**2 + 1767*s + 11. Give d(93).
11
Let b(u) = u - 7. Give b(4).
-3
Let u(i) = -i**2 + 61*i + 1. Give u(0).
1
Let v(x) = -2*x**3 + 19*x**2 - 68*x + 11. Calculate v(7).
-220
Let x(t) = -t**3 + 97*t**2 + 267*t - 95. What is x(-3)?
4
Let i(q) = 27*q**2 + 6. Determine i(3).
249
Let t(d) = 13982*d - 69917. Determine t(5).
-7
Let n(x) = x**3 - 223*x**2 - 398*x - 11705. Determine n(225).
-5
Let k(o) = 50*o**2 - 337*o + 5. Give k(6).
-217
Let g(t) = 4*t**3 - 7*t**2 + t + 4. Determine g(3).
52
Let i(w) = -2*w**3 + 89*w**2 + 222*w + 586. What is i(47)?
-25
Let n(p) = p**2 - 60*p + 274. Determine n(54).
-50
Let k(x) = 3*x**3 - 8*x**2 + 12*x - 6. What is k(4)?
106
Let w(k) = -64*k**2 - 117*k + 26. What is w(-2)?
4
Let a(v) = 3*v**2 - 22*v + 24. Determine a(1).
5
Let i(a) = -12*a**3 - 2*a**2 + 12*a - 4. Determine i(2).
-84
Let b(o) = 2*o - 25. What is b(1)?
-23
Let d(m) = 2*m**2 + 7*m + 34. What is d(-3)?
31
Let g(v) = 9*v**2 + 23*v - 5. Calculate g(-3).
7
Let c(j) = -18*j**2 - 1625*j - 444. Give c(-90).
6
Let r(b) = -4*b**3 + 22*b**2 + 44*b - 147. Determine r(2).
-3
Let n(u) = u**2 - 45*u - 251. Give n(-5).
-1
Let o(y) = -52*y + 668. Determine o(12).
44
Let f(m) = -562*m - 5644. What is f(-10)?
-24
Let r(k) = -k**3 + 115*k**2 + 3*k - 118. Give r(115).
227
Let c(m) = -m**3 + 20*m**2 + 27*m - 42. Determine c(21).
84
Let g(q) = -q**3 - 29*q**2 + 37*q - 773. Give g(-31).
2
Let q(i) = 8*i - 326. What is q(39)?
-14
Let c(d) = 52*d + 645. Determine c(-12).
21
Let p(y) = -110*y - 3178. Determine p(-29).
12
Let a(b) = -2*b**3 - 7*b**2 + 32. Give a(-4).
48
Let a(f) = 23*f - 869. Give a(47).
212
Let r(x) = 2572*x + 20529. Determine r(-8).
-47
Let m(r) = -3*r**2 - 318*r + 1700. Calculate m(5).
35
Let x(q) = 32*q - 731. Calculate x(23).
5
Let u(j) = 9*j - 355. Calculate u(29).
-94
Let o(t) = 3*t**3 - 168*t**2 + 10*t - 584. Give o(56).
-24
Let l(m) = -1300*m + 3894. Determine l(3).
-6
Let q(j) = -642*j - 3444. Give q(-6).
408
Let x(j) = -8*j**2 - 127*j - 682. Give x(-5).
-247
Let g(s) = 306*s**2 - 2*s + 2. Calculate g(1).
306
Let h(i) = -i**2 + 123*i - 3761. Determine h(64).
15
Let k(m) = -3506*m + 126212. Give k(36).
-4
Let k(j) = 78*j + 12086. Calculate k(-155).
-4
Let u(a) = 393*a + 2361. Determine u(-6).
3
Let j(q) = 47*q + 3193. Calculate j(-68).
-3
Let z(l) = -359*l + 7912. Determine z(22).
14
Let a(y) = y**2 - 112*y + 328. What is a(3)?
1
Let a(c) = -267*c - 272. What is a(-1)?
-5
Let h(w) = 6*w**2 - 1095*w - 521. Calculate h(183).
28
Let u(d) = -97*d - 478. Give u(-3).
-187
Let a(q) = -q**2 + 32*q - 63. What is a(39)?
-336
Let p(x) = -x**2 + 52*x + 168. Determine p(-3).
3
Let o(i) = -128*i + 3083. What is o(24)?
11
Let k(p) = p**3 - 46*p + 69. Calculate k(0).
69
Let z(j) = 36*j - 86. Determine z(4).
58
Let h(g) = g**3 + 49*g**2 - 2050*g + 90. What is h(-76)?
-62
Let r(h) = -42*h - 286. What is r(-8)?
50
Let b(t) = -481*t - 307. What is b(-1)?
174
Let h(k) = k**2 + 22*k - 819. Calculate h(20).
21
Let j(c) = -c**3 + 7*c**2 + 14*c + 6. What is j(-2)?
14
Let z(v) = -40*v + 3128. Give z(78).
8
Let i(d) = 110*d - 430. Give i(5).
120
Let s(p) = p**3 + 28*p**2 - 34*p - 122. Determine s(-29).
23
Let z(x) = -6492*x + 12998. Give z(2).
14
Let a(q) = -64*q - 5446. What is a(-85)?
-6
Let q(v) = -1394*v - 55741. What is q(-40)?
19
Let l(k) = -45*k - 2344. Calculate l(-52).
-4
Let r(y) = 2*y**3 - 5*y**2 - 3*y - 3. Determine r(3).
-3
Let t(j) = 197*j**2 - 1375*j - 12. Give t(7).
16
Let r(c) = 3*c**2 + 26*c - 589. Determine r(15).
476
Let w(l) = 53*l**3 - l**2 + l + 2. Calculate w(-1).
-53
Let x(z) = -2*z**2 + 2013*z - 64263. Calculate x(33).
-12
Let p(o) = 70*o**2 - 66*o - 6. What is p(1)?
-2
Let a(u) = -5218*u + 15677. Calculate a(3).
23
Let q(n) = -4*n + 389. Calculate q(20).
309
Let o(b) = 2*b**3 + 75*b**2 - 40*b - 263. Give o(-38).
-187
Let a(b) = -62*b**2 + 7*b - 7. What is a(1)?
-62
Let f(u) = -14*u - 863. Give f(-58).
-51
Let p(c) = -c**3 + 10*c**2 + 7. Determine p(10).
7
Let y(o) = -36*o + 1742. Give y(46).
86
Let z(i) = 265*i - 366. Determine z(1).
-101
Let i(k) = -13*k - 330. Give i(-27).
21
Let s(c) = 2*c**3 - 9*c**2 + 11*c - 8. Calculate s(5).
72
Let x(u) = -1893*u + 5676. What is x(3)?
-3
Let o(j) = -22605*j + 293867. What is o(13)?
2
Let y(v) = -41*v - 264. What is y(-6)?
-18
Let t(b) = b**3 + 26*b**2 + 50*b - 2. Determine t(-2).
-6
Let o(g) = 21*g + 894. Determine o(-43).
-9
Let j(x) = -145*x - 16109. Calculate j(-111).
-14
Let q(t) = 601*t + 23397. Give q(-39).
-42
Let q(i) = 131*i - 61. Determine q(2).
201
Let b(t) = -3*t**3 - 10*t**2 + 12*t + 29. Determine b(-2).
-11
Let w(k) = k**2 - 19*k - 71. Give w(-3).
-5
Let v(z) = 2*z**2 - 67*z + 546. Determine v(16).
-14
Let y(r) = -r**2 + 2470*r - 68373. Calculate y(28).
3
Let c(q) = q**2 - 63*q + 388. Calculate c(7).
-4
Let p(y) = -121*y - 6765. Give p(-56).
11
Let g(s) = -s**3 + 53*s**2 + 6*s - 283. Determine g(53).
35
Let b(j) = 2*j**2 - 162*j + 1165. Calculate b(7).
129
Let w(t) = 3*t**3 - 3*t**2 + 13*t + 17. Determine w(-2).
-45
Let c(x) = -13*x + 223. Determine c(-5).
288
Let d(q) = -q**3 + 25*q**2 + 56*q + 24. Determine d(27).
78
Let y(u) = -2*u**2 + 108*u - 751. Determine y(7).
-93
Let q(x) = 72*x - 880. What is q(12)?
-16
Let f(r) = -r**2 - 18*r + 144. Determine f(6).
0
Let i(w) = -3*w**3 - 25*w**2 - 43*w - 109. Determine i(-7).
-4
Let a(z) = -z**3 + 10*z**2 + z - 23. What is a(9)?
67
Let v(j) = j**3 + 16*j**2 - 25*j - 140. Give v(-17).
-4
Let u(j) = j**3 + 57*j**2 + 354*j + 26. Give u(-7).
-2
Let x(b) = -3*b**2 + 93*b - 62. Give x(31).
-62
Let x(c) = -2*c**3 - 5*c**2 + 2*c + 22. Give x(-4).
62
Let y(m) = -594*m + 2924. Calculate y(5).
-46
Let c(y) = -59*y**3 - 4*y**2 - 7*y - 5. Determine c(-1).
57
Let v(x) = -8*x**2 + 22*x + 16. What is v(-1)?
-14
Let k(f) = -3*f**3 + 52*f**2 - 199*f + 40. What is k(12)?
-44
Let h(g) = 19*g - 501. Determine h(27).
12
Let q(t) = 23*t**3 + 24*t**2 - 16*t - 6. Determine q(1).
25
Let m(l) = -5*l**2 - 829*l - 1479. Give m(-164).
-3
Let r(z) = 7*z**2 - 67*z - 24. Give r(10).
6
Let x(d) = d**3 + 5*d**2 - 5*d - 19. Determine x(-2).
3
Let k(n) = -n**2 + 15*n - 11. Determine k(13).
15
Let z(a) = -82*a - 153. What is z(-5)?
257
Let x(c) = -6*c**2 - 801*c - 1966. Calculate x(-131).
-1
Let x(d) = 2*d**3 + 22*d**2 + 30*d + 160. Determine x(-10).
60
Let v(m) = -238*m - 13. Calculate v(0).
-13
Let q(s) = s**3 - 234*s**2 + 1606*s + 17. Give q(7).
136
Let a(q) = 197*q + 41938. What is a(-213)?
-23
Let u(x) = x**3 - 28*x**2 - 60*x - 41. Determine u(30).
-41
Let s(g) = 1098*g + 2203. Determine s(-2).
7
Let n(j) = -2*j**2 - 137*j - 956. Give n(-7).
-95
Let f(x) = -2*x**3 - 106*x**2 - 767*x - 2110. What is f(-45)?
5
Let u(x) = -x**3 + 30*x**2 - 51*x - 144. Give u(28).
-4
Let w(k) = -k**3 + 12*k**2 - 25*k + 37. Calculate w(9).
55
Let t(u) = 14*u**2 + 3*u - 64. Determine t(-5).
271
Let l(y) = 3*y**3 - 7*y**2 - 39*y - 113. Calculate l(-4).
-261
Let x(j) = j**3 - j**2 - 3*j + 25. Determine x(-6).
-209
Let z(l) = l**3 - 4*l**2 + 2*l + 6. What is z(2)?
2
Let b(n) = 121*n**2 + 22384*n - 178. Calculate b(-185).
7
Let t(j) = 9*j**3 + 3*j**2 + 179*j + 177. Give t(-1).
-8
Let x(u) = -2*u**2 + 21*u - 42. Calculate x(16).
-218
Let v(g) = 51*g - 73. What is v(5)?
182
Let t(i) = i**3 - 34*i**2 + 66*i + 84. Give t(32).
148
Let f(y) = -y**2 - 18*y - 2. Calculate f(-10).
78
Let d(p) = -p**2 - 2*p + 154. Calculate d(-14).
-14
Let a(v) = -3*v**3 + 57*v**2 - 5*v - 13. What is a(19)?
-108
Let f(i) = 23*i**2 + 36*i + 25. Calculate f(-1).
12
Let z(a) = a**3 + 115*a**2 + 659*a + 521. Determine z(-109).
-24
Let v(r) = 212*r + 22036. Determine v(-104).
-12
Let b(l) = 79*l - 1294. What is b(10)?
-504
Let k(w) = -w - 98. Calculate k(10).
-108
Let n(p) = 4*p**2 + 18*p + 18. Give n(-1).
4
Let y(d) = 479*d + 83859. Calculate y(-175).
34
Let h(l) = -639*l - 3863. Determine h(-6).
-29
Let x(i) = i**3 - 9*i**2 + 7*i + 73. Give x(5).
8
Let w(m) = -m**3 - 8*m**2 + 2*m - 98. Determine w(-9).
-35
Let f(k) = -2*k**2 - 30*k + 3. Dete